visor of f and 32?
4
Let r = -423 + 335. Let l = r - -116. What is the highest common divisor of l and 21?
7
Let u = 144 - -2582. Calculate the greatest common divisor of u and 232.
58
Let c(f) = 4*f**2 - 29*f + 5. Let o be c(7). Let n be (2 + 240/(-9))/(o/3). Calculate the greatest common divisor of 37 and n.
37
Let p(u) be the second derivative of u**5/4 + 2*u**3/3 - 3*u**2/2 + 6*u + 8. Let f be p(3). Calculate the greatest common divisor of f and 18.
18
Let i(t) = 2*t**3 + 48*t**2 + 4*t + 100. Let m be i(-24). Calculate the highest common factor of 194 and m.
2
Let k be 6016 + (124/(-32) - (-12)/(-96)). Calculate the highest common divisor of 108 and k.
36
Suppose -9*a - 31932 = -4*g, -7985 = 23*g - 24*g + 2*a. What is the highest common divisor of g and 254?
127
Suppose 3*d + 4*k - 289 = -233, 102 = 5*d - 2*k. Calculate the greatest common factor of d and 5860.
20
Let j(g) = 67*g**2 - 2*g. Let p be j(1). Let x be (-74)/(-26) + 2/13. Suppose -f + x = -23. What is the greatest common factor of f and p?
13
Suppose 172*c - 154*c - 144 = 0. Let t(l) = -9*l**2 + 1. Let n be t(1). Let d = 10 + n. Calculate the highest common factor of c and d.
2
Let j(a) = 1606*a - 10418. Let q be j(7). Calculate the highest common divisor of 24 and q.
8
Suppose 0 = 4*r + 5*a - 36, 2*r + r = 5*a + 27. Suppose -37*i = -42*i + 15. Let o = r + i. Calculate the greatest common factor of 192 and o.
12
Let h = 548 + -1236. Let l = h + 1130. What is the highest common divisor of l and 26?
26
Suppose -5*c + 8 = -g - 49, -3*g + c = 129. Let a = -66 - g. Let k be (-24)/10*60/a. What is the greatest common divisor of 6 and k?
6
Let p be -1 - -13 - 0/7. Suppose -p*v - 8 = -8*v. Let i be v + ((-8)/12 - 62/(-3)). What is the greatest common factor of i and 198?
18
Suppose -5*b + 3*x = -14207, 0 = -381*b + 380*b + 3*x + 2827. What is the greatest common factor of b and 15?
5
Let l = 946 - 584. Suppose 14*h - l = 1402. Calculate the greatest common factor of 9 and h.
9
Suppose -4*n - 388 = 4*z, 4*z - 4*n + 77 = 3*z. Let b = z - -135. Suppose -g - g = u, 0 = 2*u - 2*g - 18. Calculate the highest common factor of u and b.
6
Let t be 8/2 - ((7 - -1) + -8). Let x(j) = 5*j + t*j - 17*j - 61 + 4*j. Let u be x(-19). What is the greatest common divisor of 45 and u?
15
Suppose 281*p = -3*p + 10362308. What is the greatest common divisor of 11 and p?
11
Let y be (-84)/(-70)*(920/(-3))/(-1). What is the greatest common divisor of y and 230?
46
Let m be 173 - ((-4 - -21) + -20). What is the greatest common factor of m and 42768?
176
Suppose -2*k - 16 = -x - 3*k, 64 = 3*x + k. What is the highest common divisor of x and 324?
12
Let g be (-2 - (-3 + -94)) + 2. Let z = g - 83. Let c be (-1*4)/((z/52)/(-7)). What is the greatest common factor of 13 and c?
13
Let l(g) = -126*g**2 - g + 4. Let j be l(-2). Let o = -204 - j. Let m be -4*1 + o/7. What is the highest common divisor of m and 19?
19
Let r be ((-20)/6)/((-42)/9 + 4). Suppose 3*v - r*v = -4. Let i be (47 - (v + 0))*6/18. Calculate the greatest common factor of 6 and i.
3
Suppose 5*v + 9 = 4*f, -13 = 5*f - 5*v - 18. Let q = f - -21. What is the highest common divisor of q and 17?
17
Suppose -12*k = 58*k - 11340. Suppose 0 = 4*t - 5*j - 44, -3*t = -t + 2*j - 4. Let o be (-27)/(t/(-8)*2). What is the highest common divisor of o and k?
18
Let o be (300/(-9))/(-4)*3. Let c be 3*3/9*-150. Let u be c*(2/6 - 1/1). What is the greatest common divisor of o and u?
25
Let s be (-68)/714 + (-3425)/(-21) + 1. Suppose t - s = -5*w, -t - 178 = -5*w - 12. Calculate the highest common divisor of w and 12.
3
Let p(s) = -25*s - 7. Let o be p(-3). Let h = 3 - o. Let i = -51 - h. What is the highest common divisor of 42 and i?
14
Let f = 14 - -52. Let a be ((-10)/15)/((-2)/9). Suppose -9 = -4*g + a*d, 0 = -5*g + 2*d + 4 + 16. Calculate the highest common factor of f and g.
6
Let b be 3 - (4 + (-9 - (4 + -6))). Suppose -b*w - 9 = -57. What is the greatest common divisor of w and 52?
4
Suppose 4*d + 71 - 39 = 0. Let q be -3 + 0 - (2 + d). Let p(x) = x**2 + 2*x + 3. Let j be p(-3). Calculate the highest common factor of j and q.
3
Suppose -3*m - 5*u = -3*u - 451, 0 = -2*u - 8. Let d(t) = 2*t**3 + 13*t**2 + 17*t + 75. Let l be d(-6). What is the greatest common factor of m and l?
9
Let f(i) be the second derivative of i**3/2 - 27*i**2/2 - 45*i. Let k be f(11). Suppose -20*l = -21*l + k. What is the greatest common factor of 66 and l?
6
Let y = 39 - 35. Suppose 5*b - 3 - 9 = -p, -y*p = -b + 15. Let x(z) = z**2 - 16*z - 14. Let j be x(17). What is the highest common divisor of j and b?
3
Suppose -92*s + 81*s = 94*s - 5880. Suppose -5*v - 5*n = -140, -5*v + 0*n - 3*n = -140. What is the greatest common divisor of s and v?
28
Let y be (-2024)/(-36) + 2/(-9). Let h be (-21)/(-6) - (4/(-8) - 0). Suppose 17 = h*a - 15. What is the highest common factor of y and a?
8
Let j be -1 + 17/11 - 31570/(-242). Calculate the highest common divisor of 1 and j.
1
Let v(m) = -2*m**2 - 2*m - 654. Let g be v(0). Let r = -648 - g. Calculate the highest common divisor of 372 and r.
6
Suppose -1406 = -s + z, -24*s + 4*z - 4246 = -27*s. What is the greatest common factor of s and 40?
10
Let u(x) = -x**2 - 3*x + 10. Let m(v) = v**3 - 4*v**2 - v + 3. Let t be m(2). Let f be u(t). Let c = f + 73. Calculate the highest common divisor of 11 and c.
11
Let d = -609 + 1183. Suppose 0 = 14*s - 10*s - 5*k - 313, -2*k = -3*s + 240. What is the highest common divisor of s and d?
82
Suppose -21*z + 1026 = 25*z + 11*z. What is the greatest common factor of z and 4626?
18
Suppose 0 = 12*k - 131 - 97. Calculate the greatest common factor of k and 3097.
19
Let x(u) = -u**3 - 2*u**2 + 5*u - 8. Let m(d) = -d**3 - 1. Let h(a) = -3*m(a) + x(a). Let g be h(2). What is the greatest common divisor of g and 533?
13
Let c(q) = -q + 2. Let r be c(-1). Suppose 0 = -3*y + z + 168, r*y = -0*y - 4*z + 153. Let u = 17 - 6. What is the highest common factor of u and y?
11
Let j(c) = -c**2 - 46*c - 321. Let g be j(-37). What is the greatest common factor of 354 and g?
6
Suppose 11312 = 20*h + 1552. Let r = h - 448. What is the highest common divisor of 72 and r?
8
Suppose 0 = -112*b + 1318 - 86. Let t = 1 - 4. Let h be (-696)/(-9) - (-1)/t. Calculate the highest common factor of h and b.
11
Suppose -4*d + 47 - 59 = 0, 4*k + d - 669 = 0. What is the highest common factor of k and 5628?
84
Suppose 1 = 12*j - 47. Suppose 5*v - 25 = -0*v, 2*m - j*v - 172 = 0. Calculate the highest common divisor of m and 12.
12
Let t = -4190 + 4790. What is the greatest common factor of t and 375?
75
Let t = -6736 + 6948. What is the highest common divisor of 3021 and t?
53
Suppose 6054*q = 6103*q - 610883. Calculate the greatest common factor of q and 364.
91
Let t = -84 - -110. Let d = -232 - -391. Suppose d = 4*f + i, f = -f + 3*i + 69. Calculate the highest common factor of f and t.
13
Let q(p) = p**3 + 15*p**2 - 9*p - 13. Let f be q(-5). What is the highest common divisor of 1222 and f?
94
Let j = -11 + 8. Let z be (j - 0 - -21) + 0. Suppose -7*c + 200 = 158. Calculate the greatest common divisor of z and c.
6
Suppose 3*h = -4*i + 55, -6*i + 16 = -8. What is the highest common divisor of 5213 and h?
13
Let y(w) = -2*w**2 - 4*w + 18. Let h be y(-8). Let u = -40 - h. Suppose 40*l - u*l = 24. Calculate the highest common divisor of l and 8.
4
Let j(z) = -8*z**3 + 3*z**2 + 2*z. Let d be j(-5). Suppose -2*w - 43 = -d. Suppose -w = -7*y + 14. Calculate the highest common divisor of 3 and y.
3
Let m = -954424 - -954454. Let t be 369 - 1*(-1)/1. Calculate the greatest common factor of t and m.
10
Let b = -154 - -250. Suppose 69473 + 18432 = 648*r - 57247. Calculate the highest common factor of b and r.
32
Let d = -6144 + 6867. What is the highest common factor of 12 and d?
3
Let a be ((-2)/(-4))/((-5)/(-390)). Let g = 1399 + -970. What is the highest common factor of g and a?
39
Let g(w) = 3*w**2 + 85*w - 1058. Let d be g(11). Calculate the highest common divisor of d and 3.
3
Let v(u) = u**2 - 246*u - 3347. Let p be v(-13). What is the highest common factor of 13270 and p?
10
Let d = 109 + -109. Suppose 17 = j + 5*i, -2*j + 3*j + 2*i - 11 = d. Calculate the highest common divisor of j and 119.
7
Suppose -48*t = -7352 - 3448. Let p be 5*((-